)/(-15))/(r/45). Calculate the remainder when 15 is divided by 36/15*(-15)/t.
3
Suppose -m + 2*b - 13 = 0, -2*m - 10 = 4*b + 32. Let r = 31 - m. Suppose 2*i + 16 = r. Calculate the remainder when i is divided by 10.
6
Suppose q = -i + 448, 5*q - 10*i = -7*i + 2232. What is the remainder when q is divided by 30?
27
Suppose -625*h + 160 = -593*h. What is the remainder when 222 is divided by h?
2
Let i(r) = 4*r + 2. Let k = -10393 - -10402. What is the remainder when i(5) is divided by k?
4
What is the remainder when (6/(-27) - (-56968)/(-90))*3515/(-1406) is divided by 12?
11
Let j = -5762 + 5772. What is the remainder when 70 is divided by j?
0
Let m = 2907 + -2881. Suppose -2*v + 468 = 2*q, -5*q = -2*v - 3*v + 1160. Calculate the remainder when v is divided by m.
25
Let z(i) = 165*i + 117. Let v be z(9). Suppose 10*m - 4*m - v = 0. Calculate the remainder when m is divided by 91.
85
Let v(c) = 3*c**2 - 24*c + 110. Let h = -37 + 123. Suppose -2*a = -z - 0*z + 26, -5*z - a = -h. Calculate the remainder when v(7) is divided by z.
17
Suppose 4696 - 952 = 24*m. Calculate the remainder when 1867 is divided by m.
151
Suppose -63360 = 3*z - 63525. Suppose -5*c = 5*q + 5 - 105, 0 = -2*c + 2. What is the remainder when z is divided by q?
17
Let s be 43 - (0 - (-3 + 1)). Suppose -5*h = -5, 7*w - 2*w + s = -4*h. Calculate the remainder when 70/2 - 9/w is divided by 19.
17
Let i(p) = p**3 + 11*p**2 - 2*p + 11. Let t(k) = -8*k - 80. Let h be t(-9). What is the remainder when i(h) is divided by 37?
34
Let w = 191 - 150. Suppose -2*k + 4*u = -57 - 145, 3*k = 2*u + 323. Suppose k = 12*p - 21. Calculate the remainder when w is divided by p.
8
Suppose 638 = 69*d - 47*d. Calculate the remainder when 209 is divided by d.
6
What is the remainder when (-20)/(1280/(-24))*1112 is divided by 30?
27
Let l(g) = -g**3 - 8*g**2 + 3*g - 17. Let w be l(-7). Let j = w + 96. Calculate the remainder when 10 is divided by j.
1
Let u be (-8)/(-6)*(-30)/(-20). Suppose 0*k - 5*k = m - u, 5*m + 4*k = -11. Let g(d) = -3*d + 6. Calculate the remainder when g(m) is divided by 4.
3
Let p(d) = 2*d**2 - 45*d - 96. Calculate the remainder when p(32) is divided by 65.
57
Let l(r) = -r**3 - 7*r**2 + 3*r + 30. Let c be l(-7). Suppose 2*b = b - 4*z + 16, 3*z + c = b. Calculate the remainder when 153 is divided by b.
9
Let z(r) = 16*r**2 - r + 44. Let j = 280 + -62. Calculate the remainder when j is divided by z(0).
42
Suppose 0 = 2*t - 22 + 3 + 9. What is the remainder when 8673 is divided by t?
3
Suppose -3*p + 3045 = -4*v, 48*v + 1016 = p + 47*v. Calculate the remainder when p is divided by 73.
70
Let p(d) = 8*d**2 + 14*d - 45. Let z(x) = -11*x**2 - 14*x + 43. Let y(w) = -4*p(w) - 3*z(w). What is the remainder when 23 is divided by y(6)?
2
Let s = -38 + 26. What is the remainder when (352/(-12) - 1)/(4/s) is divided by 46?
45
Let y = -591 - -598. Suppose -2*a + 57 - y = 0. Calculate the remainder when 223 is divided by a.
23
Let k be (-4 - -8)*((-174)/(-4))/(-3). Let y(l) = -12*l**3 + 3*l**2 - 4*l - 1. Let s be y(2). Let v = k - s. Calculate the remainder when v is divided by 12.
11
Suppose 69*q = 67*q + 386. Let c be (-3 - -12) + 0/3. Let v(k) = 5*k + 4. Calculate the remainder when q is divided by v(c).
46
Suppose 61*m = -4*w + 56*m + 2659, -5*w + 4*m = -3252. Calculate the remainder when w is divided by 50.
6
Suppose -12*i + 15 = -7*i, 0 = 2*m - 4*i - 18. Suppose 4*d + 4 = 0, -c + m = -0*c + 4*d. What is the remainder when 261 is divided by c?
14
Let k(q) = 2*q**2 - 10*q + 18. Let b(a) = 17*a - 9. Let t(y) = 8*y - 4. Let n(x) = -6*b(x) + 14*t(x). Calculate the remainder when n(6) is divided by k(6).
28
Suppose -2537*i = 5*g - 2538*i - 10513, i - 10517 = -5*g. What is the remainder when g is divided by 2102?
1
Let u be (-3 + -1)*(1155/(-14))/(-11). Let s = 38 + u. Suppose s*h = 472 + 144. Calculate the remainder when h is divided by 20.
17
Calculate the remainder when ((-297)/45)/(1*(-10)/1300) is divided by 854.
4
Suppose 560 = 251*u - 243*u. Let t = 102 - u. Calculate the remainder when t is divided by 19.
13
Let v(u) = -u**2 + 7*u + 10. Let j be v(8). Suppose -2*y + w = -y - 13, 6 = -j*w. Suppose -37*o + 752 = -617. Calculate the remainder when o is divided by y.
7
Suppose p = 7 + 1. Let j be (2 - -5)/(84/72). Suppose 0*b + j*b - 114 = 0. What is the remainder when b is divided by p?
3
Let i(p) = -27*p - 786. Let h(c) = c**3 + 3*c**2 - 2*c - 19. What is the remainder when h(8) is divided by i(-30)?
21
Suppose 5*b + o = 1384 - 417, -2*b + 4*o + 400 = 0. Suppose k = -5*i + 65, -b = -4*k - 2*i + 12. What is the remainder when 61 is divided by k?
11
Let g be 6/4*(-2629)/33*-2. Let i = 280 - g. What is the remainder when 145 is divided by i?
22
Suppose 4*z = -4*r + 168, -2*z + 1 = -5. Calculate the remainder when 16/(-104) - (-3243)/r is divided by (-310)/(-11) + 14/(-77).
27
Let c be 1/(-3) - 390/(-117). Suppose -379 = -6*u + c*u + 5*y, 0 = -2*u + 4*y + 256. What is the remainder when u is divided by 21?
13
Suppose 0 = 4*i + s - 8, s - 10 = -5*i - s. Let o be 726/8 + -2 - 15/20. Suppose -o*y = -93*y + 5. Calculate the remainder when i is divided by y.
0
Calculate the remainder when (45/6)/5 - (-1207495)/370 is divided by 17.
1
Suppose -67 = -2*w - 3*x - 20, 4*x + 28 = 3*w. Suppose 4*k - 7*k - 3 = 0. What is the remainder when (46/(-4))/(k/4) is divided by w?
14
Suppose -3*m + 3*k = -12, -3*m + 5 = 4*k - 7. Calculate the remainder when 114 is divided by (m + -20)/(5/(-10)).
18
Let o = -20 + 23. Suppose 4*u - 4*r - 5912 = -8*r, -2*u = 5*r - 2962. What is the remainder when (u/(-27))/((-2)/o) is divided by 44?
38
Suppose 928 = 26*t - 4688. What is the remainder when t is divided by 29?
13
Suppose -28*h + 26*h = 12. Let d(y) = 2*y**3 + 12*y**2 + 2*y + 19. What is the remainder when 46 is divided by d(h)?
4
Suppose -8*z + 254 = -1202. Suppose 5*i - 587 = -z. Suppose -2 = -c + i. What is the remainder when c is divided by 21?
20
Let j be (-11)/(-22) + 539/(-2) + 1. Let q = -256 - j. What is the remainder when 15 is divided by q?
3
Let i = -93 - -138. Suppose 11*k = -2*k + 182. Suppose i = k*t - 11*t. What is the remainder when 29 is divided by t?
14
Suppose -5*a - 105*v + 1038 = -98*v, 0 = 4*a + 3*v - 833. Calculate the remainder when 3760 is divided by a.
207
Suppose -3*d - d = 2*p - 374, -2 = 2*p. Suppose -5*v + 9*v - 139 = q, 7*v - 272 = -4*q. Calculate the remainder when d is divided by v.
22
Let m(h) = -h**2 - 4*h + 113. Calculate the remainder when m(0) is divided by 4*((-312)/(-32) - 4).
21
Let g = 33 + -27. Suppose g*r + 165 - 219 = 0. What is the remainder when 47 is divided by r?
2
Let p(z) = -3*z + 26. Let g be p(0). Suppose g = 15*f - 2*f. What is the remainder when (-2)/(-6) + 190/15 is divided by f?
1
Let h = -140 - -288. Let o = h + -16. Calculate the remainder when o is divided by 15.
12
Suppose 0 = 7*y - 64 - 34. Suppose 0 = 3*v - 17*o + y*o - 171, 3*o - 65 = -v. What is the remainder when v is divided by 12?
11
Suppose 121*l - 2137 = 370 + 1607. What is the remainder when 258 is divided by l?
20
Let o(q) = -22*q + 966. What is the remainder when 326 is divided by o(39)?
2
Suppose -217 = o - 5*u - 329, o - u - 100 = 0. Calculate the remainder when 1453 is divided by o.
95
Suppose h = -11*i + 6*i + 379, i + 1137 = 3*h. Let w = h - 296. What is the remainder when w is divided by 30?
23
Let w(l) = l**2 - 46*l - 1652. Calculate the remainder when 323 is divided by w(70).
15
Calculate the remainder when (-1)/(0 - -5)*-5*873 is divided by 146.
143
Let g be 96/9*(-3)/2. Let j(c) = c**3 + 18*c**2 + 34*c + 42. Calculate the remainder when 26 is divided by j(g).
6
Let k = 3556 - 3506. Calculate the remainder when k is divided by 28.
22
Suppose 3*f = 16*f + 117. Let g(z) = z**2 + 6*z - 4. Calculate the remainder when g(f) is divided by (-57)/(-5) + (-3)/(-5).
11
Suppose 2*l = -11*n + 7*n + 1378, 4*n = 4*l + 1336. What is the remainder when n is divided by 158?
25
Let f = -59 - -90. Let a(r) = 2*r**2 + 3. Let j be a(5). Suppose -2*d + 129 + j = 0. What is the remainder when d is divided by f?
29
Let x(i) = -192*i - 7865. Calculate the remainder when 1753 is divided by x(-44).
4
Let k(b) = -b**3 + 10*b**2 - 9. Let j(i) = 2*i**2 - 36*i + 27. Calculate the remainder when k(9) is divided by